(base 11) to base 12.
a51647
Convert -333264 (base 7) to base 14.
-175db
What is 11252634 (base 8) in base 15?
334e68
Convert 1010001000111000101000 (base 2) to base 10.
2657832
-34242241 (base 7) to base 12
-bbb6b4
12112020220120 (base 3) to base 10
2937804
Convert 10366163 (base 8) to base 12.
8b2703
What is -506b01 (base 15) in base 12?
-1342501
Convert -1001101010001010111010 (base 2) to base 13.
-6a8653
Convert 122412121 (base 5) to base 11.
374480
Convert 15554452 (base 8) to base 11.
20356a2
What is 2122111012221 (base 3) in base 5?
330012010
a77044 (base 11) to base 15
2404e2
Convert -2032002342 (base 5) to base 16.
-3fa9be
-1f8c3f (base 16) to base 9
-3801083
Convert -1112220203 (base 4) to base 14.
-93467
What is -114621 (base 8) in base 7?
-222421
Convert -295989 (base 11) to base 10.
-461712
What is -5a668b (base 12) in base 5?
-333302414
40313033 (base 5) to base 16
4ed4d
Convert -5dd878 (base 15) to base 5.
-2123011123
3cca13 (base 13) to base 10
1484681
Convert 5e5b8 (base 15) to base 13.
a7408
101020121021 (base 3) to base 8
611653
-29566e (base 16) to base 11
-1590430
-46a92a (base 16) to base 6
-243131002
What is 1be07a (base 16) in base 11?
1038673
-31422442 (base 5) to base 10
-264122
Convert -2062218 (base 9) to base 12.
-4529a5
What is 2200320 (base 11) in base 15?
515574
-68272 (base 9) to base 2
-1011000101110001
4221425 (base 7) to base 2
1111100011010000010
-10448403 (base 10) to base 13
-221a9b4
210011210120 (base 3) to base 16
65c49
What is -121110012 (base 3) in base 6?
-131305
Convert 415a19 (base 12) to base 11.
640a78
What is -682029 (base 15) in base 8?
-22747147
222001002211012 (base 3) to base 11
78a2667
-6bab (base 14) to base 3
-221202020
Convert -11232214 (base 5) to base 12.
-4b174
-2377064 (base 8) to base 16
-9fe34
13223004 (base 5) to base 4
200130033
-253402333 (base 6) to base 3
-100021111102210
-20b277 (base 12) to base 10
-517051
152649 (base 10) to base 14
3d8b7
24121002 (base 5) to base 4
312200110
36a804 (base 13) to base 9
2414017
What is -41203411 (base 5) in base 11?
-209645
Convert 2728707 (base 11) to base 5.
2201230023
-63ad5 (base 16) to base 14
-a8b09
18778330 (base 9) to base 10
9499869
What is -11201331 (base 5) in base 6?
-2051544
183459 (base 10) to base 16
2cca3
What is -18aaa49 (base 12) in base 16?
-4f6359
163d (base 15) to base 11
3659
What is -53b605 (base 12) in base 6?
-44232005
What is 1342687 (base 10) in base 5?
320431222
e1205 (base 15) to base 3
1100012110212
41300 (base 8) to base 6
211040
What is -fe7ca (base 16) in base 9?
-1857777
Convert 1289e1 (base 16) to base 11.
75a896
What is 38a346 (base 14) in base 6?
105434350
What is 22321142 (base 5) in base 16?
30699
Convert 44111533 (base 6) to base 7.
14120214
Convert 2130044144 (base 5) to base 4.
101103000123
1548a (base 12) to base 2
111010101101010
What is -166935 (base 10) in base 6?
-3324503
What is 12406631 (base 7) in base 6?
40104135
What is -1813965 (base 10) in base 11?
-102994a
Convert -111002201102022 (base 3) to base 11.
-3a25933
Convert -140b1 (base 15) to base 8.
-175443
What is -32b80 (base 13) in base 9?
-150226
Convert 1723606 (base 10) to base 6.
100535354
What is a35c (base 14) in base 11?
1a135
What is -489835 (base 10) in base 9?
-825831
-1041023321 (base 6) to base 14
-16cacdb
Convert -463645 (base 7) to base 15.
-198ca
Convert 54076c (base 13) to base 5.
1001100412
What is -92426 (base 10) in base 11?
-63494
Convert -27d04a (base 15) to base 3.
-10121101201121
1011010100010001111 (base 2) to base 11
23367a
-7567267 (base 8) to base 13
-55c92a
Convert -10001110222 (base 3) to base 4.
-32223200
34bab7 (base 14) to base 9
3342328
What is 10035032 (base 8) in base 6?
113133522
Convert 14355210 (base 6) to base 10.
497526
-157267a (base 11) to base 12
-a9464a
-a73a (base 14) to base 8
-70300
What is 220432 (base 10) in base 4?
311310100
What is -659372 (base 10) in base 8?
-2407654
What is 1111001000101110101 (base 2) in base 4?
1321011311
What is -1412482 (base 10) in base 7?
-15002011
-354151 (base 8) to base 15
-25c77
Convert 86af5d (base 16) to base 4.
201222331131
12445223 (base 6) to base 2
1100100010001001111
Convert 220210011211 (base 3) to base 10.
487831
Convert 33303122232 (base 4) to base 8.
17633256
Convert -301310222 (base 4) to base 16.
-31d2a
What is -10230121 (base 4) in base 5?
-1103400
135631 (base 13) to base 4
1302200113
What is 1108621 (base 10) in base 5?
240433441
-331132 (base 6) to base 2
-110101101100000
What is 66ba49 (base 12) in base 10?
1637913
Convert -2003333 (base 4) to base 2.
-10000011111111
Convert 30a271 (base 11) to base 6.
14351531
Convert 120101220022 (base 3) to base 10.
303191
What is -344233542 (base 6) in base 2?
-11000010010000101000110
276a29 (base 14) to base 9
2506637
What is -5cc920 (base 13) in base 8?
-10375644
What is 55034 (base 6) in base 9?
11354
What is -27685 (base 11) in base 3?
-2000001221
What is 258748 (base 11) in base 5?
101004404
-15dbad (base 16) to base 3
-2200210000022
Convert 111565 (base 7) to base 8.
46603
34443314 (base 5) to base 13
ac219
Convert 218587 (base 13) to base 4.
3000302233
What is -6051310 (base 8) in base 6?
-54055520
What is -20200121000222 (base 3) in base 4?
-31203311012
What is -1188563 (base 11) in base 9?
-3781218
30201030 (base 5) to base 4
322301331
What is 37671 (base 9) in base 2?
110001011111000
Convert 4283765 (base 10) to base 16.
415d75
What is -1513817 (base 9) in base 3?
-1120110220121
Convert -99544 (base 12) to base 13.
-714b5
-53401025 (base 8) to base 14
-172bc8d
dc747a (base 14) to base 12
2604658
Convert -549144 (base 11) to base 13.
-248931
Convert -76474 (base 9) to base 15.
-10047
-471604 (base 8) to base 13
-58173
Convert 11632d (base 16) to base 8.
4261455
Convert 76061 (base 10) to base 2.
10010100100011101
Convert 40473 (base 12) to base 13.
2c094
1a571 (base 11) to base 16
6fda
What is -450555 (base 7) in base 5?
-10021033
What is -2435591 (base 10) in base 5?
-1110414331
What is -56106 (base 9) in base 11?
-25aa9
What is -1110000000011100101111 (base 2) in base 7?
-43132055
What is 101122120213 (base 4) in base 13?
c3a7cb
What is 92b7bb (base 14) in base 12?
17a7ba1
What is -29b990 (base 14) in base 11?
-903013
Convert -23d853 (base 14) to base 12.
-4b2929
Convert 322aa (base 11) to base 5.
3000242
What is -1bb5a (base 16) in base 3?
-12202200122
Convert 11000100000001010100111 (base 2) to base 11.
369793a
What is -401363 (base 8) in base 7?
-1056223
Convert 14aa1 (base 12) to base 13.
103ab
-275971 (base 11) to base 16
-6991b
Convert -231424133 (base 5) to base 12.
-425087
12203300 (base 5) to base 10
116075
50261 (base 12) to base 2
11001011001101001
Convert -2661586 (base 9) to base 16.
-163e5a
dd780 (base 14) to base 15
a8eae
34601323 (base 7) to base 11
1798a27
Convert -2513d0 (base 14) to base 7.
-13543150
Convert -5054541 (base 7) to base 13.
-180c69
What is 48b36 (base 15) in base 12?
b2336
Convert 120201222002 (base 3) to base 4.
1023220220
What is -33a3a6 (base 14) in base 8?
-6547336
-1427204 (base 9) to base 12
-31aa64
104265 (base 15) to base 3
1110021221012
22512325 (base 6) to base 15
da912
Convert -212232231 (base 4) to base 7.
-1230333
What is 1d97c (base 14) in base 2?
10010100010111010
Convert -102222102212 (base 3) to base 2.
-111001100100001011
-1311322 (base 11) to base 2
-1000101010011101100001
3656001 (base 7) to base 8
1621615
What is -74102226 (base 8) in base 10?
-15762582
What is 3d828 (base 14) in base 13?
54568
Convert -8617a (base 12) to base 2.
-101011000101101110
-266d4b (base 15) to base 5
-433030441
Convert -20130101002 (base 4) to base 9.
-4142511
What is -120202102020210 (base 3) in base 11?
-47aa132
19672 (base 12) to base 11
25a83
What is -839700 (base 13) in base 4?
-23233031313
What is -22101112001 (base 3) in base 5?
-20241013
Convert 43246756 (base 8) to base 7.
141466422
Convert 1d3f3b (base 16) to base 8.
7237473
What is -710625 (base 9) in base 13?
-119486
-10472dd (base 14) to base 4
-131120213103
What is 25b853 (base 14) in base 2?
100111101010001100001
Convert -2000112020222 (base 3) to base 14.
-1dd1c8
11020202210 (base 3) to base 10
83667
What is -10c72 (base 14) in base 12?
-1b798
35759 (base 12) to base 3
10122122220
Convert -31d